253. Suppose 0 = 4*q - 825 + b. Let j = -114 + q. What is the units digit of j?
1
Let v(h) = 2*h**3 - 2*h**2 + h + 423. Let k be v(0). Let u = k - 201. What is the units digit of u?
2
Suppose -15 = 4*h - 791. What is the hundreds digit of h?
1
Let a(u) = 2*u**2 - 10*u - 6. Let m(b) = -b**2 + b. Let r(z) = -a(z) - 4*m(z). What is the units digit of r(-7)?
2
Let s(a) = -39*a**3 + a**2 - 4. Let l be s(-2). Let d = l + -219. What is the tens digit of d?
9
Suppose 0 = -3*f - w + 17, -11 = f + 2*w - 5*w. Suppose 3*l + 0*l = -b + 151, -f*b = -4*l + 196. What is the units digit of l?
0
Let c = -9 + -18. Let m(k) = -5*k**2 - k + 1. Let b be m(1). Let z = b - c. What is the tens digit of z?
2
Suppose 4*q - x + 274 = 0, 0*q - 5*x = q + 58. Let g = 119 + q. What is the units digit of g?
1
Let o(y) = 3*y**2 - 7*y - 232. What is the hundreds digit of o(44)?
2
What is the hundreds digit of (48/32)/((-1)/(-314))?
4
What is the tens digit of -3 - (5 + 1718*5/(-10))?
5
Suppose 2*d - 3*f - 14 = 0, -2*d = -0*d - 4*f - 16. Let h(u) = 7*u. Let g be h(d). Suppose g + 4 = 2*s. What is the tens digit of s?
1
Let z be (-7)/(-3) - 2/(-3). Suppose -2*i + 3*i = 3. Suppose -i*b = -15, z*u - 91 = -3*b + 29. What is the units digit of u?
5
Let l = 107 + 55. What is the hundreds digit of l?
1
Let g(z) = 4*z**2. Let c be g(1). Suppose 0 = c*v - 209 + 17. Suppose 0 = 4*k - v + 8. What is the tens digit of k?
1
Let f(v) = -100*v - 28. What is the tens digit of f(-4)?
7
Let d = -58 + 23. Let m be 3*1/1 - d. Let f = -4 + m. What is the units digit of f?
4
Suppose 84 = 4*j - j. Suppose j = 3*t + a, -a - a = -t. What is the units digit of 7 - (-2 + t)/3?
5
Let s = -21 + 21. Suppose -v + 6*v - 35 = s. Let z = v - -7. What is the units digit of z?
4
Let g(b) be the third derivative of 5*b**4/8 - b**3 - 2*b**2. What is the tens digit of g(5)?
6
Let w(u) = u**3 - 6*u**2 + 9*u - 4. Let o(l) = l - 1. Let k be o(4). Suppose -24 = -k*x - 6. What is the tens digit of w(x)?
5
Let x(u) = -u**2 + 13*u. Let c be x(13). Suppose 2*j + 6*j - 1008 = c. What is the hundreds digit of j?
1
Let v = 4759 - 2796. What is the thousands digit of v?
1
Let a be (-1018)/(-6 - 12/(-3))*1. Let k = a - 336. What is the hundreds digit of k?
1
Let o(m) = -m**2 - 15*m - 8. Suppose -12 - 14 = 2*d. What is the units digit of o(d)?
8
Let u(q) = 5*q + 1 + 4 + 2*q**2 - 7. What is the tens digit of u(4)?
5
Let p(l) = l**3 + 10*l**2 - 31*l + 183. What is the tens digit of p(7)?
9
Let g(s) = -2*s - 6. Let y be g(-6). What is the hundreds digit of (-40)/(-8)*y/(-10)*-51?
1
Let q be 1 - 0 - (-3 - -1). Suppose o = q*o - 244. Suppose 4*c = 358 - o. What is the tens digit of c?
5
Let u(c) = -3*c - 6. Let s be u(0). Let m(p) = p**3 + 9*p**2 + 8*p - 1. What is the units digit of m(s)?
9
Suppose 2685 = x - w, 0*x - 3*x - w = -8039. What is the units digit of x?
1
Let l be 23/7 - (-6)/(-21). Let h be 3/(1/l*9). What is the units digit of 46/(h/(-1 - -2))?
6
Suppose -f + 204 = 4*i, -f + i - 80 = -264. What is the units digit of f?
8
Let x = -40 - -60. Suppose -2*k + x = 2*h, 0*h - h = -5*k - 16. What is the tens digit of h?
1
Suppose -d = -5*m - 24, -7*d - m + 16 = -2*d. Suppose -n = 4*v - 12, -4*n + d*v = -v - 6. Suppose -3*s - 13 = -n*s. What is the tens digit of s?
1
Suppose -4*l + 20 = 0, -5*n - 3*l + 0*l = -11910. What is the tens digit of n?
7
Suppose 4*y - 227 - 1137 = 0. Let k = 606 - y. What is the units digit of k?
5
Suppose -64 - 139 = -b. Let j = b + -131. What is the units digit of j?
2
Suppose -5*w - w - 1014 = 0. Let g = -63 - w. What is the units digit of g?
6
Let b = -28 - -28. What is the units digit of (b + 4)*93/6?
2
Suppose -148 = -a - 0*a. Let f = -121 + 126. Suppose -f*d = -5*u + 235, -3*u - d - 3*d + a = 0. What is the tens digit of u?
4
Suppose -y - l + 369 = 0, 2*y - 7*y + 1809 = -4*l. What is the hundreds digit of y?
3
Let z(t) = t**2 - t - 35. Suppose 4*m + 8 = 2*j, 5*j - 5*m = 3 + 7. Let u be z(j). What is the units digit of (-1565)/u - (-4)/14?
5
Let v = -6 - -9. Suppose v*n = 2*n - 1. Let h = n - -9. What is the units digit of h?
8
Let k(v) = -v**2 - 5*v + 6. Let n be k(-6). Suppose 4*u - 24 + 0 = n. Suppose 0 = 3*c - 3, 10 = m + 5*c - u. What is the units digit of m?
1
Let t = 55 + -52. Suppose -4*k = -1 - 7, -469 = -t*w - 5*k. What is the tens digit of w?
5
Suppose d = o - 676, 3*o - 4*d = 2*o + 664. What is the tens digit of o?
8
Let i = -3338 + 5078. What is the hundreds digit of i?
7
Suppose 3 - 15 = -o. Suppose 0*w - 3*w = o. What is the units digit of 2/w*(-18 - 0)?
9
Let s = 101 + -68. Let r = 52 - s. What is the units digit of r?
9
Let k(o) = 312*o**2 + 3*o - 3. Let j be k(1). Let a = j + -125. What is the tens digit of a?
8
Suppose -j + 23 = -4*m, 2*j + 3*m + 2*m + 19 = 0. Suppose -589 = -j*n - 106. Suppose n = 4*g + 25. What is the tens digit of g?
3
Suppose 5*j + 1 = x, 0*j + 3*j - 4*x + 4 = 0. Let r(h) = -12*h + 9. Let q be r(-7). Suppose 2*o - 5*o + q = j. What is the units digit of o?
1
Suppose l + 1 = 3*z - 2, 3*l - 3*z = -9. Let w be 1/l*(9 + -12). What is the tens digit of 21 - (4 - (4 - w))?
2
Suppose d + 176 = 2*o - o, 0 = -3*o + d + 536. What is the units digit of o?
0
Suppose k + 0*k - 75 = 0. Suppose -k = -4*u + 237. What is the units digit of u?
8
What is the tens digit of 936 - 4/12*3?
3
Let i(g) = 13*g**2 - 77*g - 4. What is the hundreds digit of i(-6)?
9
Let j be ((-48)/40)/(3/(-10)). Suppose 2*l = z - 11, -2*z + j*l = z - 27. What is the units digit of z?
5
Suppose -413 - 295 = -3*x. What is the hundreds digit of x?
2
Suppose 4*s + 5*h = -17, 0*h + 3*h = 3*s - 21. Suppose -2*x - 6*x + 27*x = 0. Suppose 5*q + f - 162 = x, 5*q - s*f - 159 = -4*f. What is the tens digit of q?
3
Suppose r = 11*r - 16460. What is the hundreds digit of r?
6
Let z = -29 - -69. Let t = z + 46. What is the units digit of t?
6
Suppose -670 = 4*k - 9*k. Suppose 5*o - 3*y = k, -3*o - y = o - 97. What is the units digit of o?
5
Let b(h) = 6*h - 17. Let u be b(-11). Let c = u - -187. Suppose 3*k = -k + c. What is the tens digit of k?
2
Suppose 0 = 4*w - 3*w - 1. Let g be w/(32/11 + -3). Let o = 22 + g. What is the units digit of o?
1
Suppose -220 = -2*l + 3*q, -q = -9*l + 4*l + 563. Suppose -6*d = -12*d. Suppose 3*m - 2*m - 28 = x, 5*m + 4*x - l = d. What is the tens digit of m?
2
Let p(z) = 17*z - 13. Let j be ((-6)/8)/((-1)/8). Let k be p(j). Suppose -4*o + 19 = -k. What is the units digit of o?
7
Let x be ((-24)/(-7))/((-36)/(-378)). Suppose -3*k + 0*p + p = -x, 4*p = -2*k + 10. What is the tens digit of k?
1
Suppose 21 = 5*r + 6. Suppose 2*d - 8*h = -3*h + 110, 0 = -r*d - 2*h + 184. What is the units digit of d?
0
Suppose 2*j = -3*j. Suppose -3*y + 2*y + 10 = j. Suppose z - 9 = y. What is the tens digit of z?
1
Let v be (18/(-15))/((-3)/130). Suppose 0*l + 2*l - v = 0. What is the units digit of l?
6
Suppose -33840 = -17*h - 7*h. What is the thousands digit of h?
1
Let x = -11 - -15. Let r be (1 + 4*(-3)/9)*-12. Suppose r*d = 5*d - x. What is the units digit of d?
4
Let k(q) be the second derivative of q**4 + q**3/3 + q**2 - q. Let l(n) = -2*n**2 - 18*n - 2. Let p be l(-9). What is the tens digit of k(p)?
4
Let y(t) = 136*t - 154. What is the hundreds digit of y(12)?
4
Let g be (-2)/(27/12 + -2). Let w = g - -12. Suppose -47 - 13 = -w*u. What is the tens digit of u?
1
Let l = 7855 - 4285. What is the thousands digit of l?
3
Let u(j) = 9*j**3 - 3*j**2 - 2*j + 2. Let k be u(3). Let t = -147 + k. What is the tens digit of t?
6
Suppose 0 = -5*l - 0*l - 125. What is the tens digit of 20/l*50/(-4)*10?
0
Suppose 7 - 3 = 2*p, 5*p - 5099 = -7*v. What is the tens digit of v?
2
Let h = 28 + -15. Let o(v) = v**2 - 12*v - 7. What is the units digit of o(h)?
6
Suppose 2*k - 7 = -19. Let m = k + 86. Suppose -5*c = -10*c + m. What is the tens digit of c?
1
Let s(g) = -g**3 + 3*g**2 - 2*g + 1. Let u be s(2). What is the tens digit of (12 - 11) + u*59?
6
Let v(k) = k**3 + k**2 + k + 4. Suppose 0 = 2*l - 13 + 17. Let b be v(l). What is the units digit of b/(1/(20/(-2)))?
0
Let k = 72 + -73. What is the tens digit of (-2)/k + -13 + 110?
9
Let a be 6 - ((-1 - 1) + 1). What is the tens digit of 154*(-3 - a/(-2))?
7
Let o be ((-4)/(-5))/((-13)/(-195)). What is the units digit of ((-912)/(-72))/(2/o)?
6
Let b = 34 + 29. 